Let w(o) = 14*o**2 - 20*o + 20. Let v(d) = d - 7*d - 3*d + 2*d + 7 + 5*d**2. Let b(y) = p*v(y) + 6*w(y). Calculate b(1).
-1
Let c(b) be the third derivative of -b**4/24 + b**2. Let o be -3*(-12)/63 + 18/(-7). Calculate c(o).
2
Let y(h) be the second derivative of 1/12*h**4 - 5/6*h**3 - 7/2*h**2 + 0 + 4*h. Suppose 8 - 44 = -6*n. Give y(n).
-1
Let y(v) = v**3 - 5*v**2 + 10*v - 24. Let x be y(4). Let g(n) = n**3 - n**2 - n + 22. Determine g(x).
22
Let x = -41 + 48. Let k(m) = -1 + 0 + m**3 + 4 + 6*m - 8*m**2. What is k(x)?
-4
Let k = 6 + -2. Suppose k = -w - 2. Let y(j) = -2 - 4 + 2*j + 5. What is y(w)?
-13
Let r(w) = -6*w - 3. Let c(k) = -5*k - 3. Let z(h) = 7*c(h) - 6*r(h). Let m(l) = l**3 - 4*l**2 - 5*l - 10. Let d be m(6). Suppose 7*a + d = -a. Calculate z(a).
-7
Let t(h) = 4*h**3 - 5*h**2 - 3*h + 5. Let g(j) = j**3 + j**2 + j. Let v(a) = -5*g(a) + t(a). Suppose 6*z - 12*z - 54 = 0. Give v(z).
-4
Let m(v) be the second derivative of v**4/12 - v**3 + v**2 + v - 225. Give m(7).
9
Let j(i) = 2*i - 2. Let h(s) = 7*s - 11. Let z(v) = -6*v + 12. Let y(q) = 5*h(q) + 6*z(q). Let d be y(15). Give j(d).
2
Let x(k) = k**3 + 2*k**2 - 2*k + 2. Suppose 2*c + 0*c = 16. Suppose c*s = 5*s + 9. Suppose -3 = -s*h + 4*h. Give x(h).
-1
Let s(w) = w**3 - 5*w**2 - 6*w - 7. Let n = -28 - -31. Suppose g = -2*l + 12, -g + n*g = 3*l - 18. Give s(l).
-7
Suppose 0 = q - 1 - 1. Let j(g) be the first derivative of 2*g + 24 - 23 + 16 + g**2 + 0*g**2. Calculate j(q).
6
Let r(g) be the third derivative of g**4/6 - 10*g**3/3 + 844*g**2. What is r(4)?
-4
Let s(n) = 10*n - 1. Suppose 4*i - 5*f = -7, 2*f + 4 = -2*i - 4. Suppose -3*a - 4 = -4*a. Let u = a + i. Determine s(u).
9
Let o(z) = 0 + 3 - 2 + 0*z - 6*z - z**2. Suppose -37 = -21*j - 205. Determine o(j).
-15
Let r(q) = -2*q**2 - 5*q + 1. Let a(j) = -j**2 - 2*j + 1. Let c(o) = -2*a(o) + 2*r(o). Calculate c(-4).
-8
Let u be (-12)/(-5) - (-14)/(-35). Let n(x) be the third derivative of 3*x**2 + 0*x + 1/6*x**4 - 1/6*x**3 + 0. Give n(u).
7
Let z = -635 + 639. Let h(i) = -2*i**2 - i + 15. Let d(g) = -3*g**2 - g + 22. Let t(k) = -5*d(k) + 7*h(k). What is t(z)?
3
Let r = -31 + 38. Let x(v) = -6*v - r*v + 11*v + 1 + 6. What is x(6)?
-5
Let r(i) = -i**3 - 25*i**2 + 25*i - 23. Let y be r(-26). Let u(n) = y - 4 - 2*n**3 + 3*n + 3. Determine u(-2).
12
Let c(j) be the third derivative of j**5/5 - j**4/24 - j**3/6 + 64*j**2. Give c(2).
45
Let f(d) = 7*d**2 + 8 - 8 - 3*d - 7 - 24*d**2 + 5. What is f(-1)?
-16
Let s(n) = -10*n**3 - n**2 + 2 - 8*n**3 + 21*n**3 - 1 + n. Suppose b = -6 + 5. What is s(b)?
-4
Let i(r) = 5*r**2 + r + 8. Let l = -36 + 25. Let h(j) = -9*j**2 - 2*j - 17. Let b(o) = l*i(o) - 6*h(o). Let s be (2 + (-2 - -1))*0. Calculate b(s).
14
Let d = -416 + 419. Let z(u) be the second derivative of 1/20*u**5 - 2*u + 1/4*u**4 + 0 - u**d - 1/2*u**2. Calculate z(-4).
7
Let r(o) = -3*o**2 + o + 3. Let y be -22 + 1608/60 + (-4)/5. Give r(y).
-41
Let w(m) = -21*m**2 + 1. Let q = 36 - 80. Let l = -45 - q. Calculate w(l).
-20
Suppose 3*p = 10 - 4. Let o(i) = -2*i**2 + i - 1. Give o(p).
-7
Suppose 5*w - 50 = -100. Let g(k) = -k**3 - 9*k**2 + 11*k + 15. Calculate g(w).
5
Let b(r) = -r**2 + 9 - 17 - 7*r + 0*r. Let s be (7 - 5)*(1 + 1). Suppose 0 = -s*v + 9*v + 35. Calculate b(v).
-8
Let w(o) = -8*o + 2 - o**2 + 7 + 3*o. Let a(z) = z**3 - 4*z**2 + 6*z - 12. Let l be a(3). Let n be (3/l)/(5/35). Determine w(n).
-5
Suppose -y = -n + 1, 6*n - 7*n = -2*y + 2. Let z(b) = -b**3 + 4*b**2. Give z(y).
9
Let g(j) = j**3 + 6*j**2 - 2*j - 9. Let z = 2 - -1. Suppose -5*l - 25 = -7*o + 2*o, -2*l - 10 = -o. Suppose o = 2*q + z*q + 30. What is g(q)?
3
Suppose -4*l = -3*l + 2. Let i(v) be the second derivative of v**4/6 - v**3/2 - 3*v**2/2 - 7*v + 2. What is i(l)?
11
Let z(i) = 1 + 3*i**3 + 0*i**3 - 2*i**3 + 2*i**2. Suppose 14*g + 15 = 18*g + 3*y, -20 = -4*y. Suppose -2*b - 2 = c, g*c - 3*c + 4*b = 6. Give z(c).
1
Let h(j) be the second derivative of -j**3/2 - 7*j**2 - 447*j. Determine h(-11).
19
Suppose -59*d = -100*d + 53*d - 48. Let m(a) = a + a**2 - 5 + 0*a - 5*a. Calculate m(d).
-5
Let k(t) = -t - 11. Let y be ((-54)/12 - -4) + (-1)/(-2). Suppose -10*r - 22 - 88 = y. Determine k(r).
0
Let p(d) = -d**3 - 6*d**2 - 6*d - 1. Let v = -48 + 54. Suppose -v*b - 12 = 18. Calculate p(b).
4
Let w(b) = -b**2 - 3. Let p = -211 - -217. What is w(p)?
-39
Suppose -7 = -5*p + 28. Let a(c) = c**2 - 6*c - 2. What is a(p)?
5
Let v(w) = 3*w + w**2 - 3*w + 6*w + 6 - 1. Let b be v(-5). Let m(h) = -h**2 + 9. Give m(b).
9
Let s be 4 - (2 - (-4 - -1)). Let b be s - (-9 - -4) - -3. Let h(c) = -4*c + 14*c + 4 - b*c - 4*c. Determine h(3).
1
Let k = -424 - -412. Let t(p) = p**2 + 12*p + 2. What is t(k)?
2
Let r(m) be the first derivative of m**3/3 + 4*m**2 + 106. Determine r(-8).
0
Let i(q) = -16*q + 22. Let l(h) = 11*h - 11. Let z(n) = 3*i(n) + 5*l(n). Determine z(5).
46
Let l(h) be the second derivative of -h**4/12 - 4*h**3/3 - 11*h**2/2 - 4*h + 1. Calculate l(-6).
1
Let u(z) = -6*z + 3*z + 3 + 7*z - 3*z. What is u(-4)?
-1
Suppose 6*v = 85 - 97. Let x(a) be the second derivative of -a**4/12 + a**2 + 2*a. Calculate x(v).
-2
Let d = 918 + -916. Let k(y) = -3*y**3 - 3*y**2 + y - 1. Determine k(d).
-35
Let k be (-40)/5*(-4 + -1). Let f be k/6 - 2/(-6). Let b(p) = p**2 - f + 5*p**2 + 6. Give b(-1).
5
Suppose 2*r - v - 33 = 0, r - 4*r - 3*v + 27 = 0. Suppose -z = -0*z + 4, -2*s - z - r = 0. Let n(l) = -l**2 - 3*l + 1. Determine n(s).
-9
Suppose -5*s - 5 = 5*t, -3*t - 6 = -2*s + 4*s. Let a(x) = x - 3. Determine a(t).
-7
Let g(d) be the first derivative of d**3/3 - 7*d**2/2 + 3*d + 55. Calculate g(9).
21
Let s(m) = m**2 - 7*m + 8. Suppose 6*y + 2*a = 7*y, 5*y + 3*a = 39. Calculate s(y).
2
Let x = -31 - -34. Suppose -4 - 1 = 4*z - 5*q, 0 = -4*z + x*q - 11. Let n(j) = -j**3 - 5*j**2 + 3*j + 6. Determine n(z).
-9
Let k(r) = 5*r**3 - 7. Let s(q) = -11*q**3 + q**2 + q + 15. Let h(j) = -13*k(j) - 6*s(j). Calculate h(7).
8
Let n(u) = -u**2 - u + 1. Let h(r) = r**3 - 2*r**2 + 10*r - 1. Let o(a) = -h(a) - 6*n(a). Suppose -4*w = w + 3*k - 32, -4*w + 33 = -5*k. Calculate o(w).
16
Let j(h) be the first derivative of h**5/60 - h**4/4 - h**3 + 37*h**2/2 - 36. Let p(r) be the second derivative of j(r). Give p(6).
-6
Let v(b) = b**3 + b**2 - 4. Let p = -58 + 64. Suppose 0 = 2*i - 3*x + p, -3 = -5*i - x - 1. What is v(i)?
-4
Let l(q) be the first derivative of q**4/4 - 8*q**3/3 + 3*q**2 + 4*q + 73. Determine l(7).
-3
Let s(n) be the third derivative of 1/120*n**6 + 0 + 5/6*n**3 + 12*n**2 - 1/15*n**5 + 1/8*n**4 + 0*n. Determine s(4).
17
Let j(z) be the third derivative of -z**4/6 - 5*z**3/6 - 3*z**2 - 19. What is j(5)?
-25
Let d(k) = k**3 - 12*k**2 + 12*k - 2. Let y = 177 - 166. Determine d(y).
9
Suppose 0 = 5*l + 2*x - 123, 4*l - 2*x + 4*x - 100 = 0. Let z(u) = u**3 - 23*u**2 + u - 23. Give z(l).
0
Let c(o) = 49 - 15 - 20 - 15 - 6*o + o**2. What is c(10)?
39
Let z(r) = -r**3 + 7*r**2 - r - 10. Let h(p) = 3*p**2 - 9*p + 13. Let o be h(1). Calculate z(o).
-17
Let w(n) = 6*n - 20. Suppose 686*r - 680*r - 30 = 0. Give w(r).
10
Let h(w) = -w**2 + 7*w + 9. Let g be ((-2)/4)/(-1) + (-17)/(-2). Let z be (-7)/(-7)*(g + 1 + -3). Calculate h(z).
9
Let p(n) = 3*n + 13. Suppose 0 = -13*b - 198 + 94. Determine p(b).
-11
Let j be 4 + -6 + 2/1. Let d(s) = s**2 + 3*s - 3. Let f be d(-5). Suppose -2*g + f*g = j. Let o(x) = -x + 5. What is o(g)?
5
Let r(w) be the first derivative of 3*w**2/2 - 11*w + 341. What is r(5)?
4
Let k(o) be the first derivative of 1/2*o**2 + 1/4*o**4 + 1/3*o**3 - 5 - o. Let v be 0 - (3 - 3)*(-6)/12. Determine k(v).
-1
Suppose 1 + 1 = g. Let j(x) = 0*x**2 - 2*x + 3*x - x**2 + g*x. Give j(3).
0
Let r(x) = 5*x + 3. Let c(k) = -1. Let h(n) = 2*c(n) + r(n). Calculate h(1).
6
Let z(o) = -o - 1. Let p(t) = t**2 + 11*t + 4. Let v(a) = p(a) - z(a). Let y be v(-10). Let c be 20/y*(-3)/2. Let i(k) = 4*k - 1. Give i(c).
7
Let x(o) be the third derivative of o**6/120 - o**5/20 + o**4/24 + o**3/6 - 2*o**2 - 25. What is x(3)?
4
Let n(x) be the second derivative of -x**5/20 - 7*x**4/12 + 5*x**3/6 - 7*x**2 + 107*x. Calculate n(-8).
10
Let h(g) be the second derivative of -g**3/6 - 6*g**2 - 31*g + 2. Determine h(-13).
1
Suppose 36*i = 30*i + 36. Let n(t) be the third derivative of -t**5/60 + 5*t**4/24 + t**3/3 - 2